3
Calculate the highest common divisor of 190064 and 1416.
8
What is the highest common factor of 341226 and 3205224?
3834
What is the highest common factor of 220077 and 299079?
5643
What is the highest common factor of 532518 and 19404?
42
What is the highest common divisor of 1735802 and 2584?
646
What is the greatest common factor of 17488 and 47808913?
1093
Calculate the highest common factor of 120 and 1205485.
5
What is the greatest common factor of 153 and 22383?
9
What is the highest common divisor of 4214 and 163513?
49
What is the greatest common divisor of 7456875 and 206610?
1455
What is the highest common divisor of 792 and 20524581?
99
Calculate the greatest common divisor of 3643079 and 36157.
209
Calculate the highest common divisor of 3241 and 3255816.
463
What is the highest common divisor of 3261431 and 291?
97
Calculate the greatest common divisor of 19646 and 361912.
38
What is the greatest common divisor of 370 and 26403570?
370
Calculate the greatest common factor of 21722364 and 1188.
108
What is the highest common factor of 618654 and 19458?
138
Calculate the greatest common divisor of 7095 and 28092075.
165
Calculate the greatest common divisor of 112 and 314156808.
56
What is the highest common divisor of 84 and 1547580?
12
Calculate the highest common divisor of 992 and 98188346.
62
Calculate the highest common factor of 190 and 92626330.
190
Calculate the highest common factor of 1244 and 37182538.
622
Calculate the greatest common divisor of 105 and 38655834.
21
What is the highest common divisor of 4437 and 1025432112?
1479
What is the highest common factor of 351 and 61918402?
13
Calculate the greatest common factor of 43489809 and 1287.
99
What is the greatest common divisor of 9840 and 21039560?
1640
Calculate the greatest common factor of 11 and 47887807.
11
What is the highest common divisor of 1642 and 22019220?
1642
What is the greatest common divisor of 8227359 and 189?
189
What is the greatest common factor of 31122 and 3856734?
2394
Calculate the highest common divisor of 45889 and 163391.
109
What is the highest common factor of 292556 and 7155544?
2684
What is the highest common divisor of 16892463 and 95?
19
Calculate the greatest common factor of 15030 and 2073138.
1002
Calculate the greatest common factor of 2761121 and 95172.
1133
Calculate the highest common divisor of 179658552 and 2544.
1272
What is the greatest common divisor of 42120 and 231174?
162
What is the highest common factor of 336 and 57663312?
336
What is the highest common divisor of 41 and 17538037?
41
What is the highest common divisor of 41410239 and 9633?
507
Calculate the highest common divisor of 870364 and 14.
2
Calculate the greatest common divisor of 6848464 and 121072.
5264
Calculate the greatest common factor of 545 and 4550085.
5
What is the greatest common factor of 1097121 and 646908?
4371
What is the highest common divisor of 162979414 and 52?
26
What is the highest common factor of 21428 and 138308?
1948
What is the greatest common factor of 567138004 and 830?
166
What is the greatest common divisor of 16896 and 189120?
192
Calculate the highest common factor of 296823 and 74661.
1821
What is the greatest common divisor of 183187 and 3515?
37
Calculate the greatest common divisor of 3948 and 201588828.
3948
What is the greatest common divisor of 11680 and 3250836?
292
Calculate the greatest common divisor of 230687677 and 1012.
253
Calculate the greatest common divisor of 259712 and 179072.
128
Calculate the highest common divisor of 7693347 and 209.
19
What is the greatest common factor of 621 and 466693?
23
Calculate the greatest common factor of 6587 and 6640637.
941
What is the highest common factor of 57233 and 92670633?
5203
Calculate the greatest common divisor of 2288 and 15380816.
176
What is the greatest common factor of 376 and 86392?
8
What is the greatest common divisor of 230 and 2510542?
46
Calculate the greatest common divisor of 18753 and 27419.
7
Calculate the highest common factor of 38 and 590447458.
38
What is the greatest common divisor of 508769892 and 186?
186
Calculate the greatest common divisor of 198048 and 450.
6
What is the highest common factor of 30173 and 400543?
143
What is the highest common divisor of 256710227 and 214?
107
What is the highest common divisor of 31433 and 963329?
1849
Calculate the highest common factor of 11293617 and 11030.
1103
What is the greatest common factor of 4288 and 95936?
64
Calculate the highest common factor of 972 and 244204.
4
What is the greatest common divisor of 19068 and 5639588?
908
What is the greatest common divisor of 23450768 and 214896?
1936
What is the highest common divisor of 16 and 302313040?
16
Calculate the highest common divisor of 1443536532 and 108.
108
Calculate the greatest common factor of 924895 and 21625380.
9535
What is the highest common divisor of 259182 and 1260941?
2057
What is the greatest common factor of 259 and 30135427?
259
What is the highest common factor of 10540 and 4654940?
340
Calculate the greatest common factor of 9008460 and 19620.
180
What is the highest common factor of 3600 and 38765?
5
What is the greatest common divisor of 549125 and 3586025?
4775
Calculate the highest common divisor of 115 and 725468645.
115
Calculate the greatest common factor of 22110 and 464517834.
4422
What is the greatest common divisor of 366 and 2140404?
6
Calculate the highest common divisor of 602 and 2834678.
14
Calculate the highest common divisor of 101395 and 320.
5
What is the highest common factor of 607230 and 10935?
135
Calculate the greatest common divisor of 51621899 and 497.
497
Calculate the highest common factor of 2103078 and 4908.
2454
What is the greatest common factor of 54 and 23329026?
54
What is the greatest common factor of 31736 and 35216?
8
What is the greatest common factor of 245 and 401797991?
49
What is the greatest common divisor of 292 and 46594367?
73
Calculate the highest common divisor of 178 and 23070491.
89
Calculate the highest common factor of 57983640 and 60.
60
Calculate the greatest common divisor of 3811 and 52174135.
103
Calculate the greatest common factor of 404216102 and 1318.
1318
What is the greatest common factor of 48300 and 1475565?
2415
What is the greatest common divisor of 1 and 26738675?
1
Calculate the greatest common factor of 72750 and 285762.
582
Calculate the greatest common divisor of 11365 and 70824407.
2273
What is the highest common divisor of 141872 and 58406929?
8867
Calculate the highest common factor of 45 and 195820.
5
What is the greatest common factor of 2501 and 332267?
61
What is the highest common divisor of 157325 and 64525?
725
Calculate the greatest common divisor of 155 and 1649045.
155
Calculate the greatest common factor of 2800849 and 87.
29
What is the greatest common divisor of 254909404 and 9021?
3007
Calculate the greatest common factor of 53450348 and 14.
14
Calculate the highest common factor of 488 and 928269452.
244
What is the greatest common divisor of 123 and 24777366?
123
Calculate the highest common divisor of 36354 and 6166485.
249
What is the greatest common factor of 11436 and 224942308?
3812
Calculate the highest common divisor of 1342215453 and 213.
213
Calculate the greatest common factor of 72 and 396072.
72
Calculate the highest common divisor of 11305 and 2051560.
595
Calculate the greatest common divisor of 149914 and 7362.
2
Calculate the highest common factor of 14711 and 224108.
313
Calculate the highest common divisor of 297 and 32395374.
99
Calculate the greatest common divisor of 4019085 and 7525.
35
Calculate the highest common divisor of 22663 and 170751.
173
What is the highest common factor of 1691 and 115611?
89
Calculate the greatest common divisor of 2819012 and 269584.
2324
What is the greatest common divisor of 97656507 and 585?
117
What is the highest common factor of 86 and 127922033?
43
What is the highest common factor of 1963 and 1212419?
13
What is the greatest common factor of 76 and 195831442?
38
What is the greatest common factor of 1595 and 1257385?
5
What is the greatest common divisor of 7242906 and 66?
66
What is the greatest common divisor of 35017815 and 9?
3
What is the highest common divi